99 composite?
False
Is 2103973 prime?
True
Is 169124063 a composite number?
False
Is 26403191 prime?
False
Is 148315757 composite?
False
Is 19642031 prime?
False
Is 111950857 a prime number?
False
Is 74549719 composite?
False
Is 15174938 composite?
True
Is 6681965 composite?
True
Is 624933417 a prime number?
False
Is 2978471 composite?
True
Is 310483 a composite number?
True
Is 112519819 prime?
False
Is 19422469 prime?
False
Is 89670271 a prime number?
False
Is 21726811 a prime number?
False
Is 477796423 prime?
False
Is 69497083 a composite number?
False
Is 1420717 a prime number?
True
Is 24603757 prime?
True
Is 3254281 composite?
False
Is 2770973 a composite number?
False
Is 961096603 composite?
False
Is 54544115 prime?
False
Is 4475183 a composite number?
True
Is 391453889 prime?
True
Is 171465523 composite?
False
Is 2269273 a prime number?
True
Is 153622327 prime?
True
Is 986941 a composite number?
False
Is 22421167 a composite number?
False
Is 685453 prime?
True
Is 7056431 prime?
False
Is 40285409 a prime number?
False
Is 10758415 composite?
True
Is 149949313 composite?
False
Is 4399361 a prime number?
True
Is 3748351 prime?
True
Is 14354603 a composite number?
False
Is 58758517 a composite number?
False
Is 32965637 a composite number?
False
Is 3291593 prime?
True
Is 145183543 a prime number?
True
Is 101972431 composite?
True
Is 15378343 a composite number?
False
Is 785092033 a prime number?
False
Is 21362941 a prime number?
True
Is 6877043 a composite number?
False
Is 1210747 composite?
False
Is 563141771 prime?
True
Is 12824131 a prime number?
True
Is 145987217 a composite number?
True
Is 302371211 composite?
False
Is 96463391 composite?
True
Is 71213111 a composite number?
False
Is 1335287 prime?
True
Is 45543193 prime?
True
Is 6267974 prime?
False
Is 568577 a prime number?
True
Is 545912057 a composite number?
False
Is 701655479 composite?
True
Is 174885289 a composite number?
False
Is 216989 a prime number?
False
Is 3709907 a prime number?
True
Is 27694591 prime?
True
Is 94883801 a composite number?
False
Is 320533 prime?
True
Is 7858721 prime?
False
Is 65154577 prime?
True
Is 79531919 composite?
True
Is 128040707 composite?
True
Is 8144182 composite?
True
Is 174626399 prime?
False
Is 4313579 composite?
False
Is 546137 composite?
False
Is 44689193 composite?
True
Is 928063 a composite number?
False
Is 46347211 a prime number?
True
Is 130563469 composite?
False
Is 1141330647 composite?
True
Is 3765947 composite?
True
Is 15913031 a prime number?
True
Is 1096217 a prime number?
False
Is 548687 a composite number?
False
Is 840803 a prime number?
False
Is 2219933 a composite number?
True
Is 29756743 a composite number?
False
Is 48429454 a composite number?
True
Is 951143 a composite number?
True
Is 31709887 prime?
False
Is 2450117 prime?
True
Is 984187 composite?
True
Is 4664827 a prime number?
False
Is 115042063 prime?
True
Is 20533571 prime?
True
Is 24122081 composite?
False
Is 6641081 a composite number?
True
Is 54973 prime?
True
Is 392131 a prime number?
True
Is 11365661 a composite number?
True
Is 2630129 a composite number?
False
Is 30756263 a prime number?
True
Is 19665353 a prime number?
True
Is 266456033 composite?
True
Is 63011233 a composite number?
True
Is 141874 composite?
True
Is 4149331 a prime number?
False
Is 198502333 a composite number?
False
Is 723739 a composite number?
False
Is 130652481 a prime number?
False
Is 2064131 composite?
True
Is 11476687 composite?
False
Is 3707923 composite?
False
Is 29795377 composite?
False
Is 3380306 a prime number?
False
Is 1641229 a prime number?
True
Is 16790521 composite?
True
Is 112267 a composite number?
True
Is 5726947 a prime number?
False
Is 204975861 composite?
True
Is 1265771 prime?
False
Is 140540937 a composite number?
True
Is 827631547 a composite number?
False
Is 8237369 a composite number?
True
Is 25766687 a prime number?
False
Is 314401639 a prime number?
True
Is 11679511 a prime number?
False
Is 17587123 prime?
True
Is 50897671 prime?
False
Is 27974743 a prime number?
True
Is 22732859 prime?
False
Is 66931999 a composite number?
False
Is 5129731 prime?
True
Is 14654063 a prime number?
True
Is 81782815 prime?
False
Is 1622043781 a prime number?
True
Is 304929149 prime?
False
Is 120514151 a composite number?
False
Is 76177 a composite number?
True
Is 86378395 a prime number?
False
Is 1519249 a composite number?
True
Is 4309351 a composite number?
True
Is 99679161 a prime number?
False
Is 123011849 composite?
True
Is 244011679 composite?
False
Is 2828807 a composite number?
True
Is 5461331 composite?
False
Is 320631827 composite?
False
Is 141281383 composite?
False
Is 38398343 a prime number?
False
Is 3720733 a composite number?
True
Is 28672093 a composite number?
False
Is 801523 a prime number?
False
Is 313689127 a prime number?
False
Is 92191049 a composite number?
True
Is 257901503 a prime number?
True
Is 14115889 composite?
False
Is 16374161 a prime number?
True
Is 4703231 composite?
True
Is 2307335 composite?
True
Is 4436357 prime?
False
Is 25043749 composite?
True
Is 1352579 composite?
True
Is 4734517 a composite number?
True
Is 6803431 a prime number?
True
Is 65910583 composite?
True
Is 761954 prime?
False
Is 16521551 a composite number?
False
Is 92478637 a composite number?
False
Is 2752909 composite?
False
Is 1856399 composite?
True
Is 4661867 prime?
False
Is 1440997 a prime number?
False
Is 909001 prime?
False
Is 216014633 prime?
False
Is 163648193 a composite number?
False
Is 836925335 composite?
True
Is 413785 prime?
False
Is 11525257 a prime number?
True
Is 4098211 a prime number?
False
Is 80734421 composite?
False
Is 1862299 a composite number?
True
Is 1436766215 a composite number?
True
Is 4333103 a composite number?
False
Is 12063901 composite?
False
Is 468027463 a prime number?
True
Is 63017473 composite?
False
Is 2529687 composite?
True
Is 13991563 a composite number?
False
Is 129383201 prime?
True
Is 41993371 a composite number?
True
Is 3645949 prime?
True
Is 58363 a composite number?
False
Is 33794129 composite?
False
Is 47735789 a prime number?
True
Is 316165667 a prime number?
False
Is 5617757 composite?
False
Is 8922421 composite?
False
Is 1945067 a composite number?
True
Is 16068761 prime?
False
Is 2269577 a composite number?
True
Is 761063 a prime number?
False
Is 4595639 prime?
False
Is 26048137 composite?
False
Is 3973631 prime?
False
Is 64523051 a composite number?
False
Is 156605065 a prime number?
False
Is 298849931 composite?
False
Is 193388639 prime?
False
Is 547817 a composite number?
False
Is 1635877 a composite number?
True
Is 897553 composite?
False
Is 655999 a composite number?
True
Is 217600607 a composite number?
True
Is 7881151 composite?
False
Is 9483187 composite?
True
Is 599002 prime?
False
Is 200982803 prime?
False
Is 41304799 a composite number?
False
Is 105989123 a composite number?
False
Is 9768259 prime?
False
Is 20406301 prime?
False
Is 33229177 composite?
False
Is 3584618 a composite number?
True
Is 72688289 prime?
True
Is 266862469 a composite number?
True
Is 26965955 composite?
True
Is 866241013 composite?
True
Is 65695841 a prime number?
False
Is 4046797 a prime number?
True
Is 24176509 prime?
False
Is 8273266 a composite number?
True
Is 163087921 composite?
False
Is 467149 prime?
False
Is 8487266 prime?
False
Is 2604011 composite?
False
Is 80660579 a composite number?
False
Is 312269 a prime number?
True
Is 26832581 prime?
True
Is 54228217 a composite number?
True
Is 788503 composite?
True
Is 2455423 a composite number?
False
Is 54807817 a prime number?
True
Is 49601207 a composite number?
True
Is 1159519 a composite number?
True
Is 1540603 a prime number?
True
Is 1884749 a prime number?
True
Is 63179569 composite?
False
Is 6330453 a prime number?
False
Is 1633627 a prime number?
True
Is 25318543 a prime number?
True
Is 366469 composite?
True
Is 27405073 a prime number?
True
Is 31079381 a composite number?
False
Is 944079 a composite number?
True
Is 772483189 composite?
True
Is 508238 a composite number?
True
Is 19035317 a prime number?
False
Is 29310367 a prime number?
False
Is 14290505 a prime number?
False
Is 76841101 a prime number?
True
Is 378867803 a composite number?
True
Is 164349463 prime?
True
Is 1444159